et a be o(5). Suppose a*b + 60 = 18*b. Suppose -b*f = -6*f - 20. What is v(f)?
-10
Let r(f) = f**3 - 20*f**2 + 19*f - 44. Let b = -635 - -654. What is r(b)?
-44
Let z(g) = -2*g + 6. Let s = 91 + -49. Suppose -2*x = 3*l - 26, 0 = 5*l + 2*x - s - 4. Let b = l - 3. Determine z(b).
-8
Let j(u) = u**3 - 9*u**2 + 3*u - 16. Suppose 5*f - 10*f - 7*f + 108 = 0. Determine j(f).
11
Let m(k) = -396451*k**3 + 3 + 396455*k**3 - 3*k**2 + 5*k**2. What is m(-2)?
-21
Let d(w) = 6*w**3 - 23*w**2 - w - 2. Suppose 211 = 80*g - 42 - 67. Give d(g).
10
Let q(u) = -u**3 + 3*u**2 + 10*u - 4. Suppose -17*k - 20*k = -27*k. Let t(g) = -3*g**2 + 5. Let m be t(k). What is q(m)?
-4
Let y be -3*4*(-1)/(-6). Let i be y/9 - (-76)/18. Let x(j) = -11 - 16499*j + 15 + 16497*j. Give x(i).
-4
Suppose 4*p = -h + 22, 38 = 5*h - 6*p + 8*p. Let m(s) = -s**2 + 6*s - 3. What is m(h)?
-3
Let c = 2197/15 - 729/5. Let v(l) be the first derivative of -c*l**3 - l - 11 - l**2. What is v(-3)?
-13
Let v be (6 - 6) + -1 + 163. Suppose 157*j = v*j - 5. Let l(c) = -c**3 + 3*c**2 - 1. Give l(j).
1
Let f(v) = -16*v - 16. Let u = 6663 + -6663. What is f(u)?
-16
Suppose 0 = -6*c + 34 + 62. Let y(j) = -2*j**2 + 32*j + 4. Let k be y(c). Let t(h) = h**3 - 4*h**2 - 2*h + 1. Determine t(k).
-7
Let x be -12 + (-22)/(4*(9 - (-152)/(-16))). Let a(c) = -2*c + 0*c - 3 - 5*c. Determine a(x).
4
Suppose 0 = 314*g + 76*g + 1170. Let o(q) = -q**3 + q**2 + 15*q. Calculate o(g).
-9
Let s = 333 - 372. Let a be (s/13)/(2/(-4)). Let o(q) = -q**2 + 2*q + 4. Give o(a).
-20
Let h = 31787 + -31774. Let w(r) = -8*r + 14. Give w(h).
-90
Let g(y) = y**2 - 13*y + 32. Let m be g(10). Let s(w) = -5 + w + 7*w**m - 9*w + 15 + w**3 + 2*w. Give s(-8).
-6
Let g(z) be the second derivative of z**5/120 + z**4/12 - 34*z**3/3 - z**2 + 66*z. Let s(x) be the second derivative of g(x). Give s(-4).
-2
Suppose 4*d = -2*v - 6, 2*d + 6*v - v = -23. Let t(n) = -1 + 744*n - 736*n + d + 1 + 1. Determine t(-1).
-6
Let s = 148 - 147. Suppose j = -f + s, -3*j + 4*f = -f - 43. Let v(a) = a**3 - 7*a**2 + 8*a - 9. Calculate v(j).
3
Let i(g) = g**2 + 41*g - 133. Let j be i(3). Let x(y) = 3*y + 5. Calculate x(j).
2
Let v(h) be the second derivative of -h**4/12 - 4*h**3/3 + 2*h**2 - 20*h + 17. Calculate v(-8).
4
Let y(f) = -2*f**2 - 11*f + 7. Suppose 2*p - 3*p = 5*l - 60, -24 = -2*l - 3*p. Suppose -l*m - 91 - 5 = 0. Calculate y(m).
-33
Suppose 4*v + u - 6 = -3, 4*v - 3*u - 23 = 0. Let s(z) = 11 - 109*z + 71*z + z**v + 46*z. Calculate s(-8).
11
Let u(a) be the first derivative of 5*a**2/2 + 62*a + 1319. Calculate u(-15).
-13
Let j(n) = 4*n + 167. Suppose -v - 5*y = 5, -50 = 2*v - 37*y + 42*y. Give j(v).
-13
Suppose 5*a - 21 = 3*h + 40, 5*h = a - 21. Let b(u) = 13*u + 24*u - 56*u - 1 + a*u. Determine b(1).
-9
Suppose -12*m + 16*m - 24 = -4*w, w = 5*m - 24. Let p be (2 - 3)/((-1)/1). Let a be (4 - p) + w + -2. Let n(f) = -f - 2. Determine n(a).
-4
Let u(q) = -q**2 + 2*q + 1. Let c(a) = 4*a + 52. Let g be c(-10). Suppose -g*l - 19*l + 124 = 0. Give u(l).
-7
Let f(v) = -10*v - 3*v + 21*v - v**2 + 15*v. What is f(23)?
0
Let j(o) = 2*o + 5. Let a(y) = -9*y - 97. Let u(f) = -2*a(f) - 14*j(f). Give u(11).
14
Let a(p) = -35*p + 1. Let k(z) = 354*z + 24. Let w(v) = 10*a(v) + k(v). Determine w(-9).
-2
Let k(n) = 36*n - 876. Let s be k(24). Let x(b) = -3*b**2 - 37*b + 3. Give x(s).
15
Suppose -4*k - 4*k = -768. Suppose 0 = -99*z + k*z + 123. Suppose z*t - 16 = 37*t. Let r(h) = -h**3 + 2*h**2 + 5*h - 4. Give r(t).
-16
Let j(y) = y**3 - y**2 - 1. Let s(r) = 7*r**3 + 23*r**2 + r + 16. Let p(l) = 6*j(l) - s(l). Calculate p(-29).
7
Let l(o) be the third derivative of -3*o**2 - 1/6*o**3 + 0*o + 11 + 0*o**4 - 1/120*o**6 - 1/15*o**5. Calculate l(-4).
-1
Let s(v) = 35*v**2 - 3. Let x(j) = -8*j**2 + 1. Suppose 25 = 3*n - 8*n, -1 = -2*l + n. Let d(t) = l*s(t) - 9*x(t). Calculate d(3).
15
Let r(s) = 58*s - 1029. Let m be r(18). Let t(j) = 2*j**2 - 36*j + 92. Calculate t(m).
2
Let j = -6 + 7. Let f(k) = -4 + 1 + j + 3*k - k. Let p = 21 + -18. What is f(p)?
4
Let y(w) be the third derivative of w**4/12 - 13*w**3 + 6993*w**2. Calculate y(26).
-26
Let n(c) = 4*c. Let q(y) = y + 9. Let w be 4/16 - (0 + (-105)/(-4)). Let d = w - -18. Let u be q(d). Calculate n(u).
4
Suppose 6*m = 28 - 16. Let u(n) = 5 + m*n - 3 - 4 - n. Give u(1).
-1
Let w(o) = -8*o. Let m be (3 - 6/(-14)) + 9/(-21). Let a(g) = g**2 + g - 11. Let r be a(-4). Let p be (3*1/m)/(-2 + r). Calculate w(p).
8
Suppose 0 = -149*s + 160*s - 132. Suppose 0 = -2*n - s*n + 56. Let q(z) = -2*z**2 - 2*z + 3*z - 1 + z**2. Calculate q(n).
-13
Let l(a) = a**3 + 2*a**2 - 4*a - 1. Let q(n) = -n**2 + n. Let b(d) = l(d) - q(d). Let h be (-8*(-24)/160)/((-21)/(-30) + -1). Calculate b(h).
3
Suppose -z = 3*n - 0*n + 6, 0 = 4*z - n - 15. Let a(y) be the second derivative of -y**3/3 - 876*y. What is a(z)?
-6
Let q(l) = 3*l. Suppose -5*y - 10 + 0 = 0. Let w be y/(-4)*(15 + -11). Determine q(w).
6
Let s(r) = 45*r**2 + 50*r**2 + 51*r**2 + 50*r**2 - 108*r - 202*r**2 - 6. What is s(-18)?
-6
Let m(s) = s**2 - s - 6. Suppose 3*l - 1 = -5*g + 2, -5*l - 14 = 2*g. Let k(z) = z**2 + z - 5. Let v(y) = l*k(y) + 3*m(y). What is v(-6)?
8
Let a(o) = -35*o - 4. Let q(d) = 55*d + 10. Let y(h) = 5*a(h) + 3*q(h). What is y(3)?
-20
Let s be (0 + 4)/(5 - 3). Let a(x) = s + x**3 + 5*x**2 - 12*x + 6*x + 5*x + 5*x. Let m(t) = -5*t + 8. Let g be m(2). Determine a(g).
6
Let c(g) = -g**3 - 3*g**2 + 5*g - 1. Suppose -32 = x - 9*x. Suppose 3*z + 4*l = 0, -x*z + 8*l - 4*l = 28. Give c(z).
-5
Let b(s) = 40*s**3 - s**2 + 3*s - 1. Let o be (-87)/(-30) - 3 - 3278/(-2980). Calculate b(o).
41
Let g = 62 + -11. Suppose 12*a = 333 + g. Suppose -8*r + 16 + a = 0. Let z(h) = -h**2 + 3*h - 6. Calculate z(r).
-24
Let g(f) = 5*f + 14. Suppose -59*t - 72*t = -153*t. Give g(t).
14
Let v(k) = -6*k**2 + 29*k + 8. Let f be v(5). Let w(l) = 85*l - 41*l - 47*l + 2. What is w(f)?
-7
Let t(l) be the first derivative of -1/3*l**3 - 19/4*l**4 + 53 - 1/2*l**2 + 0*l. Calculate t(-1).
19
Let s(q) = -16*q**3 + 13*q**2 - 18*q. Let h(f) = 9*f**3 - 7*f**2 + 10*f. Let w(z) = -7*h(z) - 4*s(z). What is w(3)?
6
Let f be 3 + 1 + -3 + 1. Let i be (3 - f) + -7*1. Let o(h) = 278 - 95*h - 143 - 142 + 94*h. What is o(i)?
-1
Suppose 5 = -5*b + 4*n - 3, -3*b + n = -5. Let z(r) = -r**2 - 8*r + 12. What is z(b)?
-36
Let f(x) be the second derivative of -1/6*x**3 + 7*x - 1 - 1/2*x**2. Calculate f(4).
-5
Let l(f) = f**3 + 2*f**2 + 5*f + 3. Let g be l(-1). Let n be (-2 - 0)/(g + (-12)/(-20)). Let h(m) = m - 20*m**2 + 19*m**2 + 0*m + 1 + 2*m. Determine h(n).
-9
Let k(a) = a**2 - 6*a + 4. Suppose 4*z = 2*i + 2*i - 52, 3*i - 34 = -2*z. Let c(u) = -3 + 3 - 11 + 4*u - i. Let t be c(7). Give k(t).
-1
Let l be (-25)/(-35) - 14/(-49). Let n(o) = 10*o**3 - o**2 + o. Calculate n(l).
10
Let w(j) = -2*j - 7. Suppose -237 = 3*n - 5*s, -2*s + 305 = -5*n - 90. Let i = n + 72. Calculate w(i).
7
Let i(s) = -s + 10. Let y = 10198 + -10186. Determine i(y).
-2
Let i(m) = -m**2 + 4*m - 6. Let h = 134 + -37. Let y = 97 - h. Suppose -d + 0 + 5 = y. What is i(d)?
-11
Let c(h) = -62*h**3 + 217 - 221 + 34*h**3 + 6*h**2 + 27*h**3 - 3*h**2. Suppose 0 = 2*d + d - 9. Determine c(d).
-4
Let j(r) be the second derivative of r**3/2 - 9*r**2 - 1725*r. Determine j(-8).
-42
Let n(f) = -25*f**2 + 13*f - 6. Suppose 25 = -5*v, 4*v = 4*d + 8*v + 64. Let y(q) = -9*q**2 + 4*q - 2. Let b(s) = d*y(s) + 4*n(s). What is b(6)?
10
Let h(y) be the second derivative of -y**4/12 + 25*y**2/2 - 519*y. Let a(c) = -2*c. Let q be a(0). Give h(q).
25
Let y(u) be the first derivative of -u**4/24 + u**3/2 - 27*u**2 + 25. Let t(a) be the second derivative of y(a). Give t(7).
-4
Let y = -37755 - -37748. Let l(t) = t**3 + 4*t**2 - 18*t + 8. What is l(y)?
-13
Let q(m) = 18*m**2 - m + 6. Let i(n) = -55*n**2 + 3*n - 17. Suppose 33 = -4*y + 9. Let d(v) = y*i(v) - 17*q(v). What is d(1)?
23
Let q(z) = -11*z + 38. Let h be (-37)/(74/(-4)) + 7/1. Calculate q(h).
-61
Let f(w) = 11*w - 27. Let j(d) = 21*d - 55. Let p(b) = -9*f(b) + 5*j(b). Calculate p(7).
10
Suppose 3*t = -36 + 138. Suppose -3*q - l = -5*q - 64, -2*l = 0. Let d = q + t. Let k(v) = 2*v**2 + 3*v - 2. Calculate k(d).
12
Let s(y) be the second derivative of -y**3 - 5*y**2 + 8*y. Let j(w) = w + 1. Let a(l) = 5*j(l) + s(l). Let x be